 49?
7
Suppose g = -3*g + 16. Let l be (-10356)/(-45) + g/(-30). What is the highest common divisor of l and 23?
23
Let x be (-3)/5 + 12/20. Suppose 0*f + 2*f - 242 = x. Calculate the highest common factor of 11 and f.
11
Suppose 0*i - 2*i = -14. Let n be -13*3/3 + 1. Let j = n + 47. What is the highest common divisor of i and j?
7
Let t = -131 + 213. What is the highest common factor of t and 205?
41
Let h be (1/2)/((-5 - -4)/(-12)). Calculate the greatest common factor of h and 4.
2
Suppose 0 = -5*n + 3*k - 202, 0*n + 2*k + 30 = -n. Let s be 4*n/16*-2. What is the greatest common factor of s and 152?
19
Let s be 4700/28 + 3 + (-40)/14. What is the highest common factor of 112 and s?
56
Let a(p) = -p**2 + 12*p - 8. Let g be a(6). What is the greatest common divisor of 42 and g?
14
Let b = 10 - 1. Let f be (-1 + 33/6)/((-2)/(-4)). Calculate the highest common divisor of b and f.
9
Suppose -2 + 0 = -o. Suppose -t + x + 47 = 2*t, -4*x - 34 = -t. Let w = -8 + t. What is the greatest common factor of o and w?
2
Suppose -s - 783 = -4*s. Suppose 2*w = 5*o + s, 4*w - o - 2*o = 557. Calculate the greatest common factor of w and 13.
13
Suppose 4*o - 46 = 26. Calculate the highest common factor of 126 and o.
18
Let h be 2/(-4) - 0 - 1340/(-40). Calculate the highest common divisor of h and 11.
11
Suppose -5*u - 2*w = -8, 0 = 3*w + 1 + 2. Let v = 3 + -3. Suppose v*s + 4*s = 80. Calculate the highest common divisor of s and u.
2
Suppose 65 = -3*h + 8*h. What is the greatest common factor of 169 and h?
13
Let v(g) = g**2 - 2*g + 3. Let r be v(6). Let d(l) = 10*l - 1. Let p be d(1). What is the greatest common divisor of p and r?
9
Suppose -3*d + 8*d + 25 = 0. Let u = d + 2. Let m(g) = -g**3 - 3*g**2 - 3*g - 2. Let a be m(u). Calculate the highest common factor of a and 7.
7
Let j be 2 + (-1 - 1) - -1. Let n be 66/4*(-4)/(-6). Let t be 0 + n - (-4)/(-2). Calculate the greatest common factor of t and j.
1
Let a = 17 - 13. Let j(w) = w**2 + 2*w - 6. Let v be j(a). Calculate the greatest common factor of v and 45.
9
Suppose k + 4*w = 494, 998 = 3*k - 3*w - 529. Let u = -330 + k. Calculate the greatest common factor of 22 and u.
22
Let f(z) be the second derivative of -2*z**3/3 - 2*z**2 - 3*z. Let j = -14 - -10. Let w be f(j). What is the highest common factor of 36 and w?
12
Let h be 4/12*0 - 10. Let y(k) = -k**3 - 9*k**2 + 5*k + 10. Let x be y(h). What is the highest common divisor of 12 and x?
12
Let v be 2/17 - 14377/(-187). Suppose 41 = 2*q - c, 0*c = 2*q + 3*c - 21. Let p = q + -11. What is the greatest common divisor of p and v?
7
Let a = 56 + -47. Suppose 5*c = 4*r - 93, 2*r + 4*c = -r + 93. What is the greatest common factor of r and a?
9
Let c(t) = t**2 - 8. Let f be c(5). Calculate the highest common divisor of f and 136.
17
Let g(f) = f - 10. Let k be g(14). Calculate the greatest common factor of 4 and k.
4
Let n = 49 + -34. What is the greatest common divisor of n and 5?
5
Let h = 105 - 104. Calculate the highest common divisor of h and 11.
1
Let y(c) = -4*c**3 - c**2 + c - 2. Let p be y(-2). Let s = -20 - -11. Let r be (-2 - -6)/((-6)/s). Calculate the greatest common factor of r and p.
6
Let v = 33 - 22. Suppose 5*k - 9*k + 44 = 0. Calculate the highest common divisor of v and k.
11
Let a = -4 - -6. Let o(t) = -t**2 - 6*t - 3. Let m be o(-4). Suppose -3 = -i - 2*i, a*c = -m*i + 39. What is the highest common divisor of 17 and c?
17
Let j(o) = -1 + 0 - 13*o + 0. Let a be j(1). Let k = 30 + a. Calculate the highest common factor of k and 48.
16
Suppose 6 + 18 = 2*g. Calculate the greatest common factor of g and 132.
12
Let l = -183 - -458. What is the greatest common divisor of 25 and l?
25
Suppose f - 2*s + s = 22, 5*f - 113 = 2*s. Let t be -4*(3 - (-1060)/(-16)). Calculate the greatest common divisor of f and t.
23
Let m(b) = b**3 - 4*b**2 + 4*b + 4. Let i be m(4). Let t = -422 + 602. What is the greatest common divisor of i and t?
20
Let f be 42*-9*1/(-6). Let q = 158 - f. Calculate the greatest common factor of 19 and q.
19
Let p = 70 - 31. Suppose 11 = -4*i + 63. What is the greatest common divisor of i and p?
13
Suppose -9*g = -32 - 337. Calculate the greatest common factor of 205 and g.
41
Let p be -9*2/(-4)*2. Let d = p - 8. Calculate the greatest common divisor of 9 and d.
1
Let o(f) = -4*f - 10. Let g be o(-4). Suppose -10 = -2*p - 3*h, -5*p - g*h + 25 = -h. What is the highest common factor of 55 and p?
5
Let z be 8/16 + 65/2. Let r(o) be the first derivative of o**3/3 - 3*o**2/2 - o + 1. Let s be r(4). What is the highest common divisor of z and s?
3
Let f = 61 - 44. Calculate the highest common factor of 51 and f.
17
Let p(a) = -a**2 - 15*a - 6. Let w be p(-5). What is the greatest common divisor of 11 and w?
11
Suppose 0 = -4*t - 6 + 70. Let g(c) = c. Let r(z) = -z**2 - 2*z. Let j(i) = -7*g(i) - 3*r(i). Let w be j(1). What is the highest common divisor of w and t?
2
Let s(c) = -c**2 + 9*c - 14. Let n be s(6). Suppose -j + 18 + 10 = 0. Calculate the highest common divisor of n and j.
4
Suppose 0 = -3*o + 31 - 4. Suppose -2*j + 5*j = o. Calculate the highest common factor of 21 and j.
3
Let f be 2 - (-3)/(3/34). Let r be (45/(-12))/((-3)/f). What is the greatest common factor of 5 and r?
5
Let s = 163 + -90. Let b be (-5)/1*(-2)/2. Suppose -47 = -b*g + s. What is the greatest common divisor of 12 and g?
12
Let u be 4*3/8*4. Calculate the greatest common divisor of 12 and u.
6
Let k be (3 - 3)/(1*2). Suppose k = 2*f + 15 + 5. Let p be ((-2)/10)/(2/f). Calculate the highest common factor of p and 9.
1
Let y(x) = -x**3 - 8*x**2 - 10*x - 1. Let t(q) = -q**2 + 5*q - 7. Let k = 1 + 4. Let r be t(k). Let g be y(r). Calculate the greatest common factor of g and 30.
10
Suppose -2*z - 2 = 2. Let j be (-3 - -4)*z + -2. Let q be (24/10)/(j/(-20)). What is the greatest common divisor of q and 48?
12
Suppose 5*h - 7 - 8 = 0. Suppose -h*j + 91 - 1 = 0. Let a(w) = -16*w - 5. Let r be a(-5). What is the highest common divisor of j and r?
15
Let d be 2/5 - (8478/(-30) + -5). Calculate the highest common factor of d and 9.
9
Let x(o) = 25*o**2 + 1. Let q be x(1). What is the greatest common factor of q and 65?
13
Let x be (-4)/6 - (-213)/9. Let m = x + -14. Suppose 3*n - 27 = -2*b, 0*b = 2*b - 4*n - 6. What is the highest common factor of m and b?
9
Let b = 12 - 3. Calculate the highest common divisor of 3 and b.
3
Let k = -32 + 50. What is the greatest common factor of 9 and k?
9
Suppose -5*a = -25, -2*v + 2*a - 2 = -0*a. Suppose -2*b = v*l + 6 - 22, -5*l = b - 14. What is the highest common factor of b and 4?
4
Suppose 0 = 3*s - 6*s - 54. Let x be 8/(-2)*2/(-4). Let h = x - s. What is the greatest common factor of 50 and h?
10
Suppose -2*i + 0*i = -66. Calculate the highest common divisor of i and 11.
11
Let n be (5/2)/(3/42). Suppose 2*k - 14 = -v, -n - 5 = -4*k + 4*v. Suppose 131*x = 132*x - 16. What is the highest common factor of x and k?
8
Let a be 10 + 8 + -4 + -1. Calculate the greatest common divisor of 65 and a.
13
Suppose 0 = -2*t + 15 + 1. Calculate the highest common divisor of 56 and t.
8
Let t(f) = -11*f + 2. Let r(w) = 34*w - 5. Let z(k) = 3*r(k) + 8*t(k). Let b be z(1). Let a = 268 + -148. Calculate the highest common divisor of b and a.
15
Suppose -5*u + 344 = -v, 4*v - 3 = -19. Suppose 0 = q + 17 - 19. Suppose 8 = -4*g, -5*p - q*g + 107 = 26. What is the highest common factor of u and p?
17
Suppose 2*o - 17 = 9. What is the greatest common factor of o and 117?
13
Let z(p) = 5*p - 9. Let c be z(6). Let x = 86 - 44. Calculate the greatest common factor of x and c.
21
Let i be 2/((-2)/(-27)) + 0. Calculate the highest common factor of 3 and i.
3
Suppose -185 = -3*w + 3*z - 65, -4*z - 70 = -2*w. Let s = w - 13. Calculate the highest common factor of s and 4.
4
Let j = 20 + -15. Let s = 31 + 9. Calculate the greatest common factor of s and j.
5
Suppose -2*t - 3*t = 0. Suppose t = -0*q - q. Suppose q = -2*m - m + 36. Calculate the greatest common factor of 4 and m.
4
Suppose 5*b + 2*x + 7 = 3*x, b = -4*x + 7. Let h be b*2*27/(-6). Let j be 0 - 0 - (-38 - -2). What is the greatest common factor of h and j?
9
Let f = 297 - 178. What is the greatest common factor of 17 and f?
17
Let i = -151 + 165. Let o be 54 - -1 - (0 + -1). What is the